 14*g**3 - 662*g**2 - 477*g - 133. Give k(48).
11
Let j(k) = 17*k + 92. Determine j(6).
194
Let i(l) = -2*l**3 - 12*l**2 - 22*l - 93. Determine i(-5).
-33
Let p(s) = -43*s - 899. What is p(-22)?
47
Let z(n) = -n**2 + 176*n - 6772. Calculate z(57).
11
Let v(k) = -11*k**2 + 58*k - 82. Determine v(3).
-7
Let u(z) = 457*z + 2743. Give u(-6).
1
Let k(d) = -441*d + 2658. Calculate k(6).
12
Let v(l) = l**2 + 41*l + 362. What is v(-25)?
-38
Let p(s) = -6*s**3 - 533*s**2 + 635*s + 450. Determine p(-90).
0
Let g(p) = -2*p**3 - 21*p**2 - 1179*p - 11695. Give g(-10).
-5
Let n(l) = -3*l**2 + 18*l - 11. Determine n(12).
-227
Let c(a) = -19*a - 20. What is c(-1)?
-1
Let a(l) = -51*l - 2452. Determine a(-48).
-4
Let s(k) = -k**3 + 7*k**2 + 447*k + 61. Determine s(25).
-14
Let r(a) = -a + 65. Calculate r(8).
57
Let h(y) = 3*y**3 + 48*y**2 + 40*y + 661. Calculate h(-16).
21
Let r(n) = 3*n**3 - 2*n**2 + n. Calculate r(4).
164
Let q(c) = -c**2 + 47*c - 493. What is q(13)?
-51
Let n(k) = -k**2 + 46*k - 364. Give n(29).
129
Let o(x) = -347*x + 1674. Calculate o(5).
-61
Let r(f) = -87*f + 690. Determine r(10).
-180
Let k(p) = -12*p - 2009. What is k(-169)?
19
Let s(l) = 3*l**2 - l - 296. Calculate s(-10).
14
Let f(t) = 2*t**2 - 814*t - 2434. Give f(-3).
26
Let y(h) = 2*h**3 + 83*h**2 - 123*h + 267. Determine y(-43).
9
Let v(s) = s**3 + 25*s**2 + 33*s + 40. Give v(-25).
-785
Let a(o) = o**3 - 78*o**2 + 1440*o + 79. Give a(48).
79
Let o(p) = 6*p**2 + 28*p + 17. Calculate o(-6).
65
Let y(s) = -5*s - 6. What is y(10)?
-56
Let t(r) = r**2 - 12*r - 10. Determine t(0).
-10
Let y(t) = 10*t**2 + 191*t + 16. Calculate y(-19).
-3
Let q(i) = -15*i**3 - 194*i**2 + 12*i - 8. What is q(-13)?
5
Let b(w) = -2*w**3 + 7*w**2 + 11*w + 15. Give b(5).
-5
Let m(s) = 2*s**2 - 222*s + 441. What is m(109)?
5
Let s(f) = 735*f - 1313. Calculate s(2).
157
Let l(p) = -112*p**2 + 891*p + 45. Determine l(8).
5
Let v(x) = -x**3 + 43*x**2 - 78*x - 161. Calculate v(41).
3
Let x(t) = 3*t**3 + 186*t**2 + 2*t + 58. Calculate x(-62).
-66
Let b(s) = -2*s**2 + 31*s - 143. Determine b(5).
-38
Let a(w) = 45*w - 49. What is a(0)?
-49
Let r(u) = -u**3 - 13*u**2 - 2*u - 41. Calculate r(-13).
-15
Let p(d) = 89*d - 434. What is p(3)?
-167
Let a(t) = t**3 - 19*t**2 - 106*t + 2019. Determine a(19).
5
Let b(w) = -w**3 - 18*w**2 - 8*w + 204. Give b(-17).
51
Let c(u) = -150*u - 26093. What is c(-174)?
7
Let t(j) = 142*j - 854. Give t(6).
-2
Let k(s) = -51*s - 1. Give k(0).
-1
Let d(v) = -v**3 + 38*v**2 + 317*v + 6. Give d(-7).
-8
Let x(p) = -p**2 + 44*p + 296. What is x(-6)?
-4
Let s(h) = -626*h - 2499. Give s(-4).
5
Let y(z) = -21*z - 342. What is y(-17)?
15
Let y(v) = v**3 + 43*v**2 - 3*v - 173. What is y(-43)?
-44
Let f(l) = 2*l**2 - 27*l - 100. Determine f(16).
-20
Let o(x) = 45*x - 1224. Determine o(28).
36
Let a(v) = 2*v**3 - 55*v**2 + 18*v + 254. Calculate a(27).
11
Let g(z) = 1781*z - 17918. Determine g(10).
-108
Let z(x) = -x**3 - 10*x**2 - 259*x - 2275. Determine z(-9).
-25
Let l(a) = -a**2 - 5*a + 31. What is l(-9)?
-5
Let b(f) = 2*f**2 + 86*f + 504. Calculate b(-31).
-240
Let i(o) = -1178*o + 68321. Determine i(58).
-3
Let x(y) = -9*y**2 + 305*y + 348. What is x(35)?
-2
Let o(x) = -9*x**2 - 532*x - 53. Determine o(-59).
6
Let z(a) = 5*a**3 + 68*a**2 - 61*a - 471. Determine z(-14).
-9
Let b(g) = -g**3 + 12*g**2 - 26*g + 26. Give b(10).
-34
Let g(w) = -23*w**2 + 11*w - 45. What is g(0)?
-45
Let c(k) = k**3 - 35*k**2 + 332*k - 463. Determine c(18).
5
Let r(j) = -1108*j + 6595. What is r(6)?
-53
Let t(m) = -12499*m - 6. Determine t(0).
-6
Let m(q) = 2*q**3 - 25*q**2 - 66*q - 86. Give m(15).
49
Let g(s) = 2*s**3 + 10*s**2 + 310*s + 1538. Calculate g(-5).
-12
Let j(y) = -3*y**2 + 32*y + 22. Give j(11).
11
Let i(f) = -13688*f + 95807. Give i(7).
-9
Let p(f) = -2*f**2 + 55*f + 105. Determine p(32).
-183
Let l(x) = -x**3 + 14*x**2 - 12*x - 51. What is l(13)?
-38
Let a(f) = -25*f**3 + 4*f**2 + 3*f - 11. Give a(2).
-189
Let v(c) = -4*c**3 - 28*c**2 - 27*c - 119. Calculate v(-6).
-101
Let d(x) = 6*x**2 + 461*x - 1023. Determine d(-79).
4
Let o(j) = -7*j + 114. Calculate o(26).
-68
Let f(s) = -3*s**3 + 110*s**2 + 36*s + 41. Give f(37).
4
Let w(l) = 18*l**2 - 25*l - 5. Give w(6).
493
Let r(g) = -g**3 - 41*g**2 + 11*g + 456. What is r(-41)?
5
Let y(z) = z**3 + 3*z**2 + 13*z + 11. Calculate y(-2).
-11
Let z(b) = b**3 + 14*b**2 - 902*b - 12623. What is z(-14)?
5
Let y(z) = -142*z - 648. Give y(-5).
62
Let z(k) = -9*k**3 + k**2 - 6*k + 12. Determine z(2).
-68
Let l(m) = 4*m**2 + 6*m - 23. What is l(-4)?
17
Let t(o) = 37*o**2 - 517*o + 17. Determine t(14).
31
Let w(d) = 2*d**2 - 62*d + 53. Determine w(28).
-115
Let b(j) = -3*j**2 + 35*j + 6. Determine b(6).
108
Let j(o) = 23*o + 297. What is j(-14)?
-25
Let t(m) = 53*m**2 - 638*m + 34. What is t(12)?
10
Let n(i) = -249*i**2 + 30*i - 2. What is n(2)?
-938
Let d(p) = -9*p**2 - 48*p + 717. Give d(-12).
-3
Let z(l) = 151*l + 216. What is z(-2)?
-86
Let f(p) = -114*p**2 + 920*p + 4. Give f(8).
68
Let p(x) = x**2 - 1748*x + 8718. Give p(5).
3
Let d(k) = -7*k**2 - 16*k + 55. What is d(4)?
-121
Let w(y) = 68*y**3 - 5*y**2 + y + 2. Calculate w(1).
66
Let j(t) = 2302*t - 16120. Determine j(7).
-6
Let z(g) = g**3 - 12*g**2 + 24*g - 719. Calculate z(14).
9
Let v(t) = -t**3 - 4*t**2 + 89*t + 40. Give v(-11).
-92
Let c(l) = l**2 + 13*l + 30. Calculate c(-4).
-6
Let m(z) = -444*z + 1764. Give m(4).
-12
Let s(k) = 252*k + 52. Calculate s(0).
52
Let u(h) = -297*h + 2563. Give u(8).
187
Let a(m) = -50*m**2 + 540*m + 102. What is a(11)?
-8
Let z(t) = -212*t + 6360. Calculate z(30).
0
Let h(b) = -46*b**2 - 4*b - 6. Give h(-2).
-182
Let w(u) = -83*u**2 - 7*u - 8. Calculate w(-3).
-734
Let i(p) = -p**2 + 76*p - 720. What is i(65)?
-5
Let j(l) = l**2 - 5*l - 27. Calculate j(13).
77
Let l(c) = -289*c + 288. Determine l(1).
-1
Let l(f) = f**2 + 334*f + 1334. Determine l(-4).
14
Let x(q) = 33*q - 520. Give x(17).
41
Let f(s) = -187*s**2 - 5796*s + 11. Determine f(-31).
-20
Let s(m) = 108*m - 207. Determine s(2).
9
Let n(p) = -2*p**3 - 235*p**2 + 158*p + 4691. Calculate n(-118).
-29
Let l(b) = -2*b**3 + b**2 + 31*b + 5. Determine l(6).
-205
Let l(p) = 44*p**3 - p - 1. Give l(1).
42
Let n(h) = -2*h**3 - 264*h**2 - 260*h + 312. Calculate n(-131).
50
Let k(t) = -t**2 - 140*t + 2117. Determine k(13).
128
Let q(w) = -8*w**2 + 314*w + 244. Determine q(40).
4
Let d(s) = 3*s**3 + 4*s**2 - 9*s - 6. Determine d(2).
16
Let p(y) = y**2 + 421*y + 34613. What is p(-309)?
5
Let d(y) = -y**2 - 34*y - 29. What is d(-32)?
35
Let j(q) = -292*q - 1751. Determine j(-6).
1
Let p(x) = 398*x**3 - x**2 + 11*x + 12. Calculate p(-1).
-398
Let d(i) = -336*i - 15452. Give d(-46).
4
Let r(y) = 36*y**2 - 21*y - 3. Calculate r(1).
12
Let g(f) = -628*f + 3168. Determine g(5).
28
Let b(c) = 6*c + 193. Determine b(-19).
79
Let p(k) = 32*k + 2679. Determine p(-84).
-9
Let r(f) = f**2 - 293*f + 2586. Give r(9).
30
Let v(z) = -22*z + 211. Calculate v(9).
13
Let o(l) = 10*l - 203. Calculate o(16).
-43
Let a(s) = -s**2 - 154*s + 1478. Determine a(9).
11
Let u(g) = -g**2 + 61*g - 457. Give u(55).
-127
Let x(i) = i**3 + 6*i**2 - 101*i - 362. Calculate x(-3).
-32
Let u(r) = -r**2 - 33*r - 205. What is u(-20)?
55
Let q(o) = -o**3 - 74*o**2 - 138*o + 437. Determine q(-72).
5
Let k(a) = 168*a**2 - a - 2. Give k(1).
165
Let a(q) = -139*q + 2269. Determine a(15).
184
Let r(j) = -j**2 - 99*j + 3094. Determine r(-124).
-6
Let f(o) = o**3 - 19*o**2 + 6*o - 69. Calculate f(19).
45
Let r(i) = -i**3 + 29*i**2 - 21*i. What is r(28)?
196
Let r(p) = -p**3 - 26*p**2 - 169*p + 18. Give r(-16).
162
Let d(o) = -15*o**3 - 3*o**2 - 7*o - 5. Calculate d(-1).
14
Let z(m) = -5*m**2 - 15*m + 202. What is z(5)?
2
Let g(o) = 6*o**2 + 189*o + 373. Calculate g(-2).
19
Let t(w) = -2*w**2 + 23*w - 32. What is t(12)?
-44
Let n(d) = 102*d + 1134. Calculate n(-11).
12
Let j(d) = -d**2 + 37*d - 35. Determine j(0).
-35
Let u(c) = -59*c + 833. Give u(14).
7
Let h(o) = 29*o + 597. What is h(-20)?
17
Let u(b) = -b**3 + 16*b**2 + 43*b - 7. Give u(19).
-273
Let i(k) = 70*k - 35. Calculate i(4).
245
Let l(p) = p**2 + 28*p - 1510. What is l(27)?
-25
Let r(x) = 2*x**3 - 18*x**2 - 4*x + 26. Calculate r(9).
-10
Let y(l) = 3*l**2 - 15*l - 72. Determine y(9).
36
Let t(i) = i**3 - 29*i